h) = -h + 3. Let o be l(0). Calculate the remainder when 8 is divided by (-2)/o*(-9)/2.
2
Let a be (8/6)/((-8)/12). What is the remainder when 23 is divided by (-1)/a + 50/4?
10
Suppose -3*c = -3*a + 84, c + 2 = 6. What is the remainder when 127 is divided by a?
31
Let z(g) = -g**2 - 4*g - 3. Let o be z(-2). Let k = 13 + 28. Calculate the remainder when k is divided by 20 + o + 0 + 0.
20
Let r = 50 + 9. What is the remainder when r is divided by 31?
28
Suppose -26*a + 48 = -23*a. Calculate the remainder when 93 is divided by a.
13
Suppose 3*d + d + 268 = 5*s, -2*d - 4 = 0. What is the remainder when s is divided by 9?
7
Let g = -18 - -18. Suppose 0 = -0*x + 2*x - 22. Suppose g = j - 0*j - x. What is the remainder when j is divided by 3?
2
Suppose -2*n - 8 = -6*n. Suppose n*m + 1 + 41 = 0. Let d = 30 + m. Calculate the remainder when 16 is divided by d.
7
Suppose -5*g + 0*g + 95 = 0. Calculate the remainder when 35 is divided by g.
16
Let v = 17 - 8. Calculate the remainder when 17 is divided by v.
8
Let x be 10/(-3)*(0 - -6). Let m = x - -44. What is the remainder when m is divided by 13?
11
Suppose 20*r = 27*r - 49. Calculate the remainder when 19 is divided by r.
5
Let r be (6/4)/(24/16). Let t(m) = -m**3 + 18. Let s be t(0). Suppose -p = -s + r. What is the remainder when p is divided by 6?
5
Suppose 21 = o - 0. Suppose w - o = -c, 4*c + 2*w = 70 + 10. Calculate the remainder when c is divided by 5.
4
Let r(j) = 3*j**3 - 2*j + 3*j**3 + j + 2*j**2. What is the remainder when 19 is divided by r(1)?
5
Suppose 4*f - 359 = -63. Calculate the remainder when f is divided by 26.
22
Suppose 5*n - 34 = j, 0 = -3*n - 4*j + 3*j + 22. What is the remainder when 32 is divided by n?
4
Suppose 14 = -2*x - 5*l - 0, -15 = -x + 3*l. Let v be x*((-26)/(-6) + -2). Calculate the remainder when 16 is divided by v/14 + 17/2.
7
Suppose v + 41 + 14 = 0. Let x = 88 + v. What is the remainder when 64 is divided by x?
31
Suppose -7*h = -6*h - 3. Suppose 2*c = 4*l - 56, -h*l + 24 + 18 = 2*c. What is the remainder when (-2)/2 + (-108)/(-2) is divided by l?
11
Let r(b) = -b**2 - 2*b + 20. What is the remainder when 39 is divided by r(0)?
19
Let p(b) = b**2 - 7*b + 23. Let i(h) = -89*h**3 + h**2 + h + 1. What is the remainder when i(-1) is divided by p(7)?
21
Suppose 2*v + 2*v = 12. Let p(y) = -3*y. Let f(a) = 3*a + 1. Let d(l) = v*p(l) + 2*f(l). What is the remainder when 41 is divided by d(-4)?
13
Let c = -16 + 26. Let d = 61 - 58. What is the remainder when c is divided by d?
1
Suppose 0*d - 2*d - 32 = -2*y, -20 = -2*y + 5*d. Calculate the remainder when y is divided by -2*(2 - 1) + 39/3.
9
Let t(x) = x**3 - 5*x**2 - 2*x + 1. Let m(b) = 2*b**3 - 4*b**2 - b + 1. Let s(j) = 2*m(j) - 3*t(j). Calculate the remainder when s(-4) is divided by 11.
9
What is the remainder when 158 is divided by (1 - -5)/(18/120)?
38
Let q = 24 - 6. Calculate the remainder when 143 is divided by q.
17
Let i = -34 - -48. Calculate the remainder when 67 is divided by i.
11
Let c be (2/6)/(4/24). Let x(z) = z**3 - 3*z**2 - 3*z - 3. What is the remainder when ((-4)/14)/(c/(-14)) is divided by x(4)?
0
Suppose 0 = 2*d - d - 5. Suppose -4*z = -d*x - 143, -149 = -4*z + 3*x - 4*x. Calculate the remainder when z is divided by 10.
7
Let s(q) = 0*q - 3 + 5 - q. Suppose -3*j + 5*k = -32, 3*j + 5*k - 2*k = 0. What is the remainder when s(-5) is divided by j?
3
Suppose -2*i + 65 = 3*h, 2*h + 3*i + 102 = 7*h. What is the remainder when h is divided by 9?
3
Suppose -4*c + 2*r + 82 = 0, r - 46 = -2*c - 3*r. Calculate the remainder when 104 is divided by c.
20
Let r = 27 - 24. Let k = -14 + 20. Calculate the remainder when k is divided by r.
0
Suppose -2*g + 3 + 1 = 0. Suppose 3*b - 4*b = -g. Let a = -3 - -5. Calculate the remainder when b is divided by a.
0
Let d be -3*((-6)/9 + 0). Suppose -d*v + v + 14 = 0. Let u(f) = -26*f**3 + 2*f**2 + 2*f + 1. What is the remainder when u(-1) is divided by v?
13
Let x = -24 - -40. Let f = x + -9. Calculate the remainder when 27 is divided by f.
6
Let c be (8/(-10))/((-6)/15). Suppose 0*q = -c*q + 12. Suppose -17 = 3*a - 4*a. Calculate the remainder when a is divided by q.
5
Suppose 5*i + 5*a - 47 - 28 = 0, 0 = 4*i + a - 48. What is the remainder when i is divided by 4?
3
Let y(c) = -c**2 - 3*c. Let s be y(-2). Let o(p) = s*p + p**3 - 2 + 0*p - 3*p**2 - 2*p**3. What is the remainder when 16 is divided by o(-4)?
4
Let k(p) = -p**2 - 6*p + 3. Let m be k(-6). Let i(r) = 2*r + m*r - 2*r. Calculate the remainder when i(1) is divided by 2.
1
Let r(a) = 2*a - 7. Let k be r(6). Suppose 4*z = j + 2*j + 4, 0 = -k*j + 2*z - 2. Suppose 2*u - 4*u + 18 = j. Calculate the remainder when 16 is divided by u.
7
Suppose -3*j = 4*i - 63 + 3, 2*i = -2*j + 42. Suppose 5*c - w = 3*c + j, -5*c + 60 = -3*w. Calculate the remainder when 46 is divided by c.
10
Suppose -3*m = -m + y - 77, 5*m - 188 = -y. Calculate the remainder when m is divided by 10.
7
Suppose 4*z - 100 = -4*c, 3*z - 51 = -3*c + c. Calculate the remainder when c is divided by 14.
10
Suppose 0 = -3*b - 2*b. Suppose -l - 30 = -2*i + 4*l, 0 = 5*i - l - 98. Suppose -i = -b*u - u. What is the remainder when 38 is divided by u?
18
Suppose -3*p + 95 = k - 3*k, 55 = 2*p - 3*k. Calculate the remainder when p is divided by 12.
11
Let t = 13 + -10. Calculate the remainder when 12 is divided by t.
0
Let f(j) be the second derivative of -j**3/6 + 15*j**2/2 - j. Let d(o) = o**2 - 5*o + 6. Let h be d(3). What is the remainder when 28 is divided by f(h)?
13
Suppose 14*z - 19*z + 150 = 0. What is the remainder when 148 is divided by z?
28
Suppose -5*b + 60 = 15. Suppose 4*t = -0*t - 8, 5*o + 4*t + 33 = 0. Let s(a) = -a**3 - 6*a**2 - 5*a + 5. What is the remainder when b is divided by s(o)?
4
Let t = -56 + 67. Calculate the remainder when 30 is divided by t.
8
Let z = -16 - -41. What is the remainder when z is divided by 13?
12
Suppose -5*m = -4*u - 0*u - 138, -106 = -4*m + u. Suppose -2*a + 99 = -q, a + 2*a - 4*q = 146. What is the remainder when a is divided by m?
24
Suppose q = -3*q - 20, -5*q = 2*u + 15. Suppose u = -m + 24. What is the remainder when m is divided by 7?
5
Suppose l + 2 = 7. Let x(w) = w**3 + 16*w**2 + 13*w - 17. What is the remainder when x(-15) is divided by l?
3
Let d be 249/(-9) - (-4)/6. Let m = d + 91. Calculate the remainder when m is divided by 22.
20
Let c(t) = -10*t. Let b(p) = p**3 + 15*p**2 - 17*p + 2. What is the remainder when b(-16) is divided by c(-1)?
8
Suppose 12 = -4*r, 1 = -2*m - 5*r - 14. Suppose -5*k - n - 5 = -m*n, 0 = -2*k + 2*n + 10. What is the remainder when 50 is divided by 2/(6/39) + k?
11
Let a = 7 - 4. Suppose 0*y = a*y - 33. Suppose c - 1 = -x, 0 = 4*c - 3*c - 3*x - 21. Calculate the remainder when y is divided by c.
5
Suppose -2*a - 3 + 1 = 0. Let v = a + 1. Suppose -2*c + 10 + 22 = v. Calculate the remainder when c is divided by 9.
7
Suppose 5*h + 3*k - 42 = 4*h, 0 = 2*h - k - 70. Suppose -2*b - 5*g + 24 = -b, -5*b + 3*g + h = 0. Calculate the remainder when 35 is divided by b.
8
Let g be -1 + -4 + 3 - -3. What is the remainder when (g - 3) + 8 + 16 is divided by 12?
10
Let r = 65 + -114. Let w = 72 + r. What is the remainder when w is divided by 8?
7
Suppose 0 = 5*j - 4*j - 24. Calculate the remainder when 71 is divided by j.
23
What is the remainder when 14176/56 - 2/14 is divided by 51?
49
Let x(b) = b**2 - 20*b + 43. Let h = -4 + 31. What is the remainder when h is divided by x(18)?
6
What is the remainder when (2 - 1)*(0 - -45) is divided by (-332)/(-14) + (-4)/(-14)?
21
What is the remainder when (16/(-28) + 642/21)*1 is divided by 8?
6
Let r(q) = q**2 + 5*q + 6. Let u be r(-4). Let o be (4/(-10))/(u/(-300)). Suppose -3*h = h - o. Calculate the remainder when 29 is divided by h.
14
Calculate the remainder when 7 is divided by (-5)/2*(3 - 2)*-2.
2
Let n = 0 + 3. Suppose -85 - 2 = -n*q. Calculate the remainder when q is divided by 16.
13
Let t(w) = 4*w - 12. Calculate the remainder when 38 is divided by t(8).
18
Suppose 0 = t + 5*n + 8, -2*t = -6*n + 2*n - 26. What is the remainder when 10 is divided by t?
3
Let o(a) = -12*a - 5. Calculate the remainder when o(-2) is divided by 11.
8
Let d(h) = 3*h**2 + 5*h - 4. Calculate the remainder when 70 is divided by d(-4).
22
Let y be 7*(-2 - -5 - 2